7 is divided by 21?
2
What is the remainder when 904608 is divided by 4019?
333
Calculate the remainder when 3801895 is divided by 874.
869
Calculate the remainder when 136092057 is divided by 335.
317
Calculate the remainder when 379921 is divided by 127.
64
What is the remainder when 753335 is divided by 3711?
2
What is the remainder when 9189507 is divided by 165?
162
What is the remainder when 39011433 is divided by 19505675?
83
What is the remainder when 58730 is divided by 9739?
296
Calculate the remainder when 6124055 is divided by 2041283.
206
Calculate the remainder when 1823383 is divided by 20.
3
Calculate the remainder when 2752587 is divided by 712.
707
Calculate the remainder when 379855 is divided by 69.
10
Calculate the remainder when 27495 is divided by 6767.
427
What is the remainder when 26385255 is divided by 4099?
4091
Calculate the remainder when 3544603 is divided by 51.
1
What is the remainder when 888002 is divided by 1528?
234
What is the remainder when 640293 is divided by 13911?
387
What is the remainder when 1649005 is divided by 7462?
7365
Calculate the remainder when 1452059 is divided by 4000.
59
Calculate the remainder when 111018929 is divided by 3062.
3057
Calculate the remainder when 1504798 is divided by 376199.
2
What is the remainder when 209005 is divided by 2580?
25
Calculate the remainder when 12130789 is divided by 538.
503
What is the remainder when 29297060 is divided by 339?
2
What is the remainder when 18248978 is divided by 566?
6
Calculate the remainder when 9204151 is divided by 13.
8
What is the remainder when 2084029 is divided by 23?
22
Calculate the remainder when 60047 is divided by 1523.
650
What is the remainder when 2087989 is divided by 4500?
4489
What is the remainder when 3173225 is divided by 42?
41
Calculate the remainder when 191957 is divided by 63899.
260
Calculate the remainder when 159012 is divided by 388.
320
Calculate the remainder when 28774 is divided by 3588.
70
What is the remainder when 4690740 is divided by 2345368?
4
Calculate the remainder when 2128151819 is divided by 15410.
15409
Calculate the remainder when 12204135 is divided by 24.
15
Calculate the remainder when 22059373 is divided by 66.
61
What is the remainder when 1233768 is divided by 411235?
63
What is the remainder when 33757695 is divided by 4450?
4445
What is the remainder when 206344539 is divided by 400669?
4
What is the remainder when 532085 is divided by 12?
5
Calculate the remainder when 567748 is divided by 113546.
18
Calculate the remainder when 635673 is divided by 7531.
3069
Calculate the remainder when 864372 is divided by 98.
12
What is the remainder when 484078 is divided by 3482?
80
What is the remainder when 907613 is divided by 125?
113
Calculate the remainder when 825754 is divided by 601.
581
Calculate the remainder when 93669250 is divided by 2.
0
What is the remainder when 1245026 is divided by 20410?
16
What is the remainder when 4578505 is divided by 4939?
52
What is the remainder when 3391240 is divided by 4433?
4428
What is the remainder when 595583184 is divided by 5533?
5531
Calculate the remainder when 4888554 is divided by 611055.
114
What is the remainder when 239445310 is divided by 1096?
1094
Calculate the remainder when 21887 is divided by 2736.
2735
What is the remainder when 78516131 is divided by 770?
1
Calculate the remainder when 14501 is divided by 1917.
1082
Calculate the remainder when 133637 is divided by 3603.
326
Calculate the remainder when 14824655 is divided by 308.
307
What is the remainder when 4601260 is divided by 4511?
40
Calculate the remainder when 1721846 is divided by 350.
196
What is the remainder when 1018128 is divided by 1418?
4
What is the remainder when 66977 is divided by 22157?
506
Calculate the remainder when 6557889 is divided by 281.
192
Calculate the remainder when 1607703 is divided by 1958.
185
What is the remainder when 60332218 is divided by 1041?
22
Calculate the remainder when 35051716 is divided by 17525848.
20
Calculate the remainder when 234372 is divided by 13006.
264
What is the remainder when 2717785 is divided by 51?
46
What is the remainder when 55459 is divided by 1439?
777
What is the remainder when 5671186 is divided by 270055?
31
What is the remainder when 14376865 is divided by 614?
55
Calculate the remainder when 4200 is divided by 1003.
188
What is the remainder when 17847 is divided by 15?
12
What is the remainder when 952683 is divided by 255?
3
Calculate the remainder when 465104 is divided by 4472.
16
Calculate the remainder when 18120434 is divided by 4083.
80
Calculate the remainder when 2348418 is divided by 338.
332
What is the remainder when 566153 is divided by 35383?
25
Calculate the remainder when 6683664 is divided by 4249.
4236
Calculate the remainder when 2298336 is divided by 895.
871
Calculate the remainder when 34392314 is divided by 26.
8
What is the remainder when 219252 is divided by 14606?
162
Calculate the remainder when 2069033 is divided by 39789.
5
Calculate the remainder when 9379219 is divided by 24425.
19
What is the remainder when 35038682 is divided by 402743?
41
What is the remainder when 634298801 is divided by 11414?
11407
What is the remainder when 67369 is divided by 6556?
1809
Calculate the remainder when 46807 is divided by 23234.
339
Calculate the remainder when 14376010 is divided by 24.
10
Calculate the remainder when 31920 is divided by 1726.
852
Calculate the remainder when 7681563 is divided by 37653.
351
What is the remainder when 137652 is divided by 541?
238
Calculate the remainder when 6172 is divided by 5864.
308
What is the remainder when 742848 is divided by 324?
240
Calculate the remainder when 9597 is divided by 1604.
1577
What is the remainder when 4985368 is divided by 21?
10
Calculate the remainder when 1970168 is divided by 1452.
1256
What is the remainder when 30999582 is divided by 25?
7
Calculate the remainder when 1457200 is divided by 2118.
16
Calculate the remainder when 62754607 is divided by 965455.
32
Calculate the remainder when 2985130 is divided by 6769.
1
What is the remainder when 338680 is divided by 1201?
1199
What is the remainder when 400087 is divided by 2020?
127
What is the remainder when 8463 is divided by 8457?
6
What is the remainder when 480470 is divided by 23893?
2610
Calculate the remainder when 284989 is divided by 133.
103
Calculate the remainder when 489121 is divided by 122253.
109
What is the remainder when 18415 is divided by 647?
299
Calculate the remainder when 52296988 is divided by 17432328.
4
What is the remainder when 2503227 is divided by 136?
11
Calculate the remainder when 77126 is divided by 24744.
2894
What is the remainder when 81969 is divided by 2640?
129
Calculate the remainder when 24845988 is divided by 24845969.
19
What is the remainder when 1347734 is divided by 336932?
6
What is the remainder when 1490411 is divided by 744953?
505
What is the remainder when 68976 is divided by 547?
54
What is the remainder when 37063914 is divided by 9213?
15
Calculate the remainder when 2024168 is divided by 72291.
20
Calculate the remainder when 8014664 is divided by 111.
20
What is the remainder when 251079 is divided by 1201?
70
What is the remainder when 538341 is divided by 37?
28
Calculate the remainder when 21877 is divided by 10872.
133
Calculate the remainder when 715639 is divided by 10202.
1499
Calculate the remainder when 183549 is divided by 5557.
168
What is the remainder when 12989534 is divided by 738?
734
What is the remainder when 960293 is divided by 2296?
565
Calculate the remainder when 42862 is divided by 39744.
3118
Calculate the remainder when 388391 is divided by 2577.
1841
Calculate the remainder when 11926677 is divided by 978.
945
Calculate the remainder when 168126 is divided by 9888.
30
What is the remainder when 164585 is divided by 10255?
505
What is the remainder when 376611003 is divided by 8?
3
What is the remainder when 578586 is divided by 21?
15
What is the remainder when 2292387 is divided by 363?
42
What is the remainder when 72827384 is divided by 96?
56
Calculate the remainder when 12166826 is divided by 411.
404
What is the remainder when 15386170 is divided by 366337?
16
Wha